10?
6
Calculate the remainder when 663 is divided by 29.
25
Calculate the remainder when 538 is divided by 9.
7
What is the remainder when 169 is divided by 112?
57
What is the remainder when 516 is divided by 169?
9
Calculate the remainder when 2207 is divided by 92.
91
Calculate the remainder when 175 is divided by 4.
3
Calculate the remainder when 82206 is divided by 224.
222
Calculate the remainder when 3597 is divided by 60.
57
Calculate the remainder when 214 is divided by 49.
18
What is the remainder when 262 is divided by 176?
86
What is the remainder when 4254 is divided by 129?
126
Calculate the remainder when 2324 is divided by 590.
554
What is the remainder when 14368 is divided by 125?
118
What is the remainder when 773 is divided by 25?
23
Calculate the remainder when 1322 is divided by 440.
2
Calculate the remainder when 305 is divided by 9.
8
What is the remainder when 147 is divided by 142?
5
Calculate the remainder when 3699 is divided by 100.
99
What is the remainder when 354 is divided by 33?
24
Calculate the remainder when 147 is divided by 105.
42
What is the remainder when 839 is divided by 20?
19
Calculate the remainder when 39197 is divided by 112.
109
Calculate the remainder when 1515 is divided by 377.
7
What is the remainder when 32 is divided by 2?
0
What is the remainder when 61 is divided by 33?
28
Calculate the remainder when 438 is divided by 112.
102
Calculate the remainder when 2038 is divided by 12.
10
What is the remainder when 5354 is divided by 51?
50
Calculate the remainder when 140 is divided by 42.
14
What is the remainder when 299 is divided by 76?
71
What is the remainder when 2026 is divided by 78?
76
What is the remainder when 232 is divided by 30?
22
What is the remainder when 158 is divided by 34?
22
What is the remainder when 305 is divided by 149?
7
What is the remainder when 62 is divided by 25?
12
What is the remainder when 41 is divided by 15?
11
What is the remainder when 444 is divided by 115?
99
What is the remainder when 58 is divided by 49?
9
What is the remainder when 6497 is divided by 197?
193
Calculate the remainder when 203 is divided by 6.
5
Calculate the remainder when 2665 is divided by 141.
127
What is the remainder when 165 is divided by 90?
75
Calculate the remainder when 1676 is divided by 556.
8
Calculate the remainder when 179 is divided by 92.
87
What is the remainder when 217 is divided by 15?
7
What is the remainder when 4066 is divided by 176?
18
Calculate the remainder when 1181 is divided by 297.
290
Calculate the remainder when 190 is divided by 32.
30
What is the remainder when 211 is divided by 43?
39
Calculate the remainder when 217 is divided by 100.
17
Calculate the remainder when 294 is divided by 128.
38
Calculate the remainder when 148 is divided by 35.
8
What is the remainder when 3789 is divided by 1892?
5
What is the remainder when 4550 is divided by 239?
9
What is the remainder when 1566 is divided by 2?
0
Calculate the remainder when 10 is divided by 3.
1
What is the remainder when 6421 is divided by 4?
1
Calculate the remainder when 190 is divided by 109.
81
Calculate the remainder when 146 is divided by 37.
35
Calculate the remainder when 281 is divided by 57.
53
Calculate the remainder when 131 is divided by 19.
17
What is the remainder when 161 is divided by 69?
23
What is the remainder when 3257 is divided by 20?
17
What is the remainder when 1993 is divided by 116?
21
Calculate the remainder when 183 is divided by 54.
21
What is the remainder when 36 is divided by 7?
1
What is the remainder when 1531 is divided by 48?
43
Calculate the remainder when 6964 is divided by 86.
84
Calculate the remainder when 542 is divided by 39.
35
What is the remainder when 11667 is divided by 5?
2
What is the remainder when 453 is divided by 181?
91
Calculate the remainder when 52 is divided by 3.
1
What is the remainder when 510 is divided by 16?
14
Calculate the remainder when 1527 is divided by 1527.
0
Calculate the remainder when 586 is divided by 585.
1
Calculate the remainder when 699 is divided by 35.
34
Calculate the remainder when 152 is divided by 29.
7
Calculate the remainder when 743 is divided by 28.
15
Calculate the remainder when 24457 is divided by 10.
7
What is the remainder when 235 is divided by 30?
25
What is the remainder when 218 is divided by 22?
20
Calculate the remainder when 1389 is divided by 12.
9
Calculate the remainder when 169 is divided by 53.
10
Calculate the remainder when 2347 is divided by 94.
91
What is the remainder when 62 is divided by 51?
11
What is the remainder when 738 is divided by 62?
56
Calculate the remainder when 37 is divided by 13.
11
What is the remainder when 511 is divided by 21?
7
What is the remainder when 175 is divided by 63?
49
Calculate the remainder when 36 is divided by 4.
0
Calculate the remainder when 142 is divided by 25.
17
What is the remainder when 14 is divided by 11?
3
Calculate the remainder when 5702 is divided by 36.
14
Calculate the remainder when 88 is divided by 7.
4
What is the remainder when 2034 is divided by 102?
96
What is the remainder when 197 is divided by 13?
2
Calculate the remainder when 341 is divided by 49.
47
What is the remainder when 5108 is divided by 73?
71
Calculate the remainder when 443 is divided by 150.
143
What is the remainder when 287 is divided by 73?
68
Calculate the remainder when 197 is divided by 88.
21
What is the remainder when 1060 is divided by 80?
20
What is the remainder when 1301 is divided by 21?
20
What is the remainder when 394 is divided by 68?
54
Calculate the remainder when 70 is divided by 37.
33
Calculate the remainder when 6408 is divided by 13.
12
Calculate the remainder when 1367 is divided by 72.
71
What is the remainder when 42 is divided by 16?
10
What is the remainder when 194 is divided by 64?
2
What is the remainder when 2734 is divided by 98?
88
What is the remainder when 65 is divided by 30?
5
What is the remainder when 9061 is divided by 35?
31
What is the remainder when 739 is divided by 19?
17
Calculate the remainder when 451 is divided by 195.
61
What is the remainder when 261 is divided by 55?
41
What is the remainder when 179 is divided by 31?
24
Calculate the remainder when 483 is divided by 233.
17
What is the remainder when 59 is divided by 10?
9
What is the remainder when 184 is divided by 70?
44
What is the remainder when 1983 is divided by 167?
146
What is the remainder when 142 is divided by 70?
2
What is the remainder when 230 is divided by 22?
10
Calculate the remainder when 546 is divided by 20.
6
What is the remainder when 4096 is divided by 29?
7
What is the remainder when 496 is divided by 172?
152
What is the remainder when 255 is divided by 142?
113
Calculate the remainder when 237 is divided by 48.
45
Calculate the remainder when 6471 is divided by 7.
3
Calculate the remainder when 8753 is divided by 302.
297
Calculate the remainder when 64 is divided by 38.
26
What is the remainder when 725 is divided by 56?
53
What is the remainder when 3659 is divided by 408?
395
What is the remainder when 903 is divided by 5?
3
What is the remainder when 1268 is divided by 47?
46
Calculate the remainder when 1468 is divided by 489.
1
What is the remainder when 971 is divided by 9?
8
What is the remainder when 456 is divided by 27?
24
Calculate the remainder when 610 is divided by 308.
302
Calculate the remainder when 181 is divided by 7.
6
Calculate the remainder when 675 is divided by 34.
29
Calculate the remainder when 1298 is divided by 65.
63
Calculate the remainder when 241 is divided by 168.
73
Calculate the remainder when 2050 is divided by 511.
6
Calculate the remainder when 121 is divided by 26.
17
Calculate the remainder when 175 is divided by 61.
53
Calculate the remainder when 21265 is divided by 417.
415
Calculate the remainder when 244 is divided by 83.
78
Calculate the remainder when 2402 is divided by 135.
107
Calculate the remainder when 3099 is divided by 1544.
11
Calculate the remainder when 138 is divided by 11.
6
What is the remainder when 12178 is divided by 18?
10
What is the remainder when 539 is divided by 153?
80
Calculate the remainder when 412 is divided by 18.
16
What is the remainder when 262